 factor of 77 and a.
11
Suppose 20*k - 16*k - a - 134 = 0, -a = -2*k + 66. What is the highest common divisor of 85 and k?
17
Let b be ((-16)/56 + (-582)/21)*-5. Suppose b = 19*g - 5*g. Let w(x) = -x**3 + x**2. Let z be w(-1). Calculate the highest common factor of g and z.
2
Suppose 14*n - 257 + 61 = 0. What is the highest common divisor of 63 and n?
7
Let p be 0/(-2) - -583*1. Suppose 3*v = -15, 4*v + 56 + 229 = 5*w. What is the highest common divisor of p and w?
53
Suppose -2*h - 2*f + 4 = -3*f, 2*h = -4*f + 14. Suppose -20 = 2*k - 86. Suppose 2*c - k = 15. What is the greatest common divisor of h and c?
3
Let g(h) = -5*h**2 - h + 1. Let m be g(1). Let z(r) = 4*r - 4*r**2 + 2*r**2 + 3*r**2 - 3*r + 1. Let o be z(m). Calculate the greatest common factor of o and 84.
21
Suppose 10*s - 250 = -0*s. Let k = -18 + s. What is the highest common divisor of k and 56?
7
Let q = -49 + 83. Suppose 2*x + 4*g - q = x, 0 = 5*g. Calculate the highest common factor of x and 272.
34
Let v(b) = -b**2 + b + 9. Let h be v(4). Let t be (-114)/(-9) - 1/h. Calculate the greatest common divisor of t and 91.
13
Suppose 24 - 153 = -4*x - 3*o, -2*x - 5*o + 75 = 0. Let t = -30 + x. Let n be 13 + -1*(-1 - t). What is the highest common factor of 42 and n?
14
Suppose 0*u + 324 = 3*u. Let m be (-5)/((-10)/8) + u. Calculate the highest common divisor of 16 and m.
16
Let g(x) = 15*x**2 + 28*x + 41. Let t(r) = 4*r**2 + 7*r + 10. Let k(a) = -2*g(a) + 9*t(a). Let l be k(-2). What is the greatest common divisor of l and 18?
18
Let z = -21 + 40. Let w = 0 + 0. Suppose 2*t + s + w*s = 77, 2*t = 4*s + 72. Calculate the greatest common factor of z and t.
19
Let g be (-2 + 1)*((-2)/1 + -7). Let c be -1*(9/(-3) + -2). Suppose -4*v - v = c*a - 40, 2*a - v = 19. What is the highest common factor of g and a?
9
Let o = 762 - 486. What is the greatest common divisor of 161 and o?
23
Let p = -281 - -377. What is the highest common factor of 120 and p?
24
Suppose -3*g + 6 = -0*g - 3*y, -3*y + 2 = -g. Let m be (-72 - -1) + 2/((-6)/(-9)). Let h be (-5)/((-5)/g) - m. Calculate the greatest common factor of 18 and h.
18
Let k = -1258 - -1328. Suppose -4*x + 80 = -0*x - 4*t, 3*t = 0. Calculate the greatest common factor of k and x.
10
Suppose 2 = 9*v - 11*v, -12 = -o - 2*v. Let y(k) = 19*k - 3. Let f be y(2). What is the greatest common factor of o and f?
7
Let z(v) = 5*v**2 - 58*v + 391. Let h be z(7). What is the greatest common divisor of 40 and h?
10
Let j = 171 - -334. Let y = j - 320. Calculate the greatest common divisor of 37 and y.
37
Suppose 2*j = 7*j. Suppose 3*m = -2*c - 654 + 3950, j = 4*c + m - 6592. Let v be 2/6 - c/(-24). What is the greatest common factor of 46 and v?
23
Suppose 0 = 204*v - 186*v - 234. What is the greatest common factor of 2041 and v?
13
Let w = -6 - -11. Let t(n) = 7*n - 7. Let p be t(w). What is the highest common divisor of 28 and p?
28
Let r = 11 + 4. Let n(w) = 2*w**2 - 5*w + 4. Let i be n(3). Let z(j) = -j + 13. Let d be z(i). Calculate the greatest common divisor of d and r.
3
Let c(o) = -4*o + 2. Let d(v) = -4*v + 2. Let l(x) = -7*c(x) + 6*d(x). Let f be l(5). Calculate the highest common factor of 2 and f.
2
Suppose 0 = -4*q - 3*n + 61 + 88, 4*n + 58 = 2*q. Let x(m) = m**2 + 2*m - 3. Let o be x(-6). Let h = q - o. Calculate the greatest common divisor of 14 and h.
14
Let n(g) = 4*g + 4 + 3*g + 2*g. Let w be n(19). Calculate the highest common factor of w and 25.
25
Suppose 66*a - 78*a + 576 = 0. Calculate the highest common divisor of 816 and a.
48
Let a be 3/(-8) + (-105)/(-24). Suppose a*s - 12 = 2*s. What is the highest common factor of 6 and s?
6
Let o = -64 + 68. Suppose -3*k = -8*k + 5*w + 310, -o*w - 182 = -3*k. What is the greatest common divisor of k and 44?
22
Suppose -o = -4 - 1. Suppose -o*t + 3*k = -117, -4*t + 5*t = -2*k + 26. Let m = -813 + 819. Calculate the highest common factor of t and m.
6
Let g(t) = -t**2 + 14*t + 27. Let l be g(12). Calculate the highest common divisor of l and 221.
17
Let x be 6*((-442)/(-30) - (-14)/(-35)). Calculate the greatest common divisor of 387 and x.
43
Suppose 3*a - d = 10, -2*a - 4*d + 1 = -1. Let x be a*1*143/33. Suppose -20 = -4*y, 0 = -q + 5*q + y - 421. Calculate the highest common divisor of x and q.
13
Suppose 0 = 7*a - 21 - 7. Suppose -3*b + a*b = 30. What is the greatest common factor of b and 240?
30
Suppose 0 = 3*k + 124 - 157. Let q = k + -4. What is the highest common divisor of q and 28?
7
Suppose -y + 19 = 5*w, 6*y - w = 2*y + 13. Suppose 2*a = -3*v + 8 + 12, -3*a + 24 = 3*v. What is the greatest common factor of v and y?
4
Let k(c) = c**3 - 20*c**2 - 2*c + 7. Let t be k(20). Let j be t/(-22) - (-237)/2. What is the greatest common factor of 30 and j?
30
Let j = 728 + -548. Calculate the highest common divisor of j and 276.
12
Let i = 41 - 39. Suppose 5*m - k = i*m + 47, 4*k + 23 = m. Calculate the highest common divisor of m and 120.
15
Let j(y) = 41*y - 19. Let g be j(1). Calculate the highest common factor of g and 110.
22
Let l be -10*8*14/(-35) + 4. Suppose 3*k - 20 = -2*k. Suppose 0 = -w + k*w - 27. What is the highest common factor of l and w?
9
Let o = 1381 + -761. Calculate the greatest common factor of 20 and o.
20
Let k(a) = -a**3 + 11*a**2 + 14*a + 27. Let g be k(12). Calculate the highest common divisor of g and 6.
3
Let v(g) = 6*g + g**2 - 8*g - 9 + 24. Let h be v(0). Calculate the highest common divisor of h and 15.
15
Let i be -2*2 - -2 - -23. Let n be 232/72 + 2/(-9). Suppose -2*x + 54 = 4*k, x + 2*x + n = 0. Calculate the greatest common divisor of k and i.
7
Let g be 741/((-130)/(-10))*(2 - -1). Calculate the greatest common divisor of 6 and g.
3
Let i be (-4)/3 - ((-15180)/9)/11. Calculate the greatest common divisor of i and 8.
8
Let r be -1 + 149 - (2 - -14)/(-8). What is the highest common divisor of 90 and r?
30
Let u be 58 - 56/7*-1. What is the highest common divisor of 12 and u?
6
Suppose 3*q + 133 = 397. Calculate the greatest common divisor of 77 and q.
11
Let d = -863 + 869. Let f = -4 - -10. Calculate the greatest common divisor of f and d.
6
Suppose -6*o = -o - 20. Let w = o + 1. Let v = -99 + 144. What is the highest common factor of w and v?
5
Suppose 5*a + 0*a = 20. Suppose -2*g - 487 = -5*m, -2*m + 13 = -a*g - 169. Let c be (-511)/(-49) - (-4)/7. Calculate the greatest common factor of m and c.
11
Suppose 4*v - 958 + 158 = 0. Let t = 13 - -12. What is the highest common factor of v and t?
25
Suppose -440 = m - 6*m. Let x = 19 - 45. Let a = -18 - x. What is the highest common factor of a and m?
8
Let b = 171 - -1523. What is the greatest common factor of 14 and b?
14
Let n(g) = -3*g**3 - 49*g**2 - 27*g + 27. Let t be n(-16). Let x be (6/2 - -26)/1. What is the greatest common divisor of x and t?
29
Let k = 51 + -47. Suppose 0 = 2*l - 3*b - k - 9, b + 9 = 3*l. Calculate the greatest common factor of 16 and l.
2
Let k(c) = -c**2 + 3*c + 145. Let v be k(13). Suppose w = -3, -4*i - w - 91 = 44. Let y = i - -108. Calculate the greatest common divisor of v and y.
15
Suppose -14*t + 11 = -87. What is the highest common factor of 161 and t?
7
Let g be (-25)/((-1)/8*2). Suppose 4*p - 49 = -337. Let z be (-323)/(-8) - (-27)/p. What is the highest common divisor of g and z?
20
Suppose -4*r - 29 = 23. Let i = r + 14. What is the greatest common factor of 7 and i?
1
Suppose 3*v - 3*c = 3216, c = v + 6*c - 1072. What is the greatest common divisor of v and 16?
16
Let k(l) = 5*l - 1. Suppose 7*u - 6 = 4*u. Suppose 3*q - 4 = f, -3*q - 3*f + u = 2*q. Let o be k(q). What is the greatest common divisor of o and 36?
4
Let j = 11 - 24. Let t = j - -20. Let k(l) = -12*l + 5. Let h be k(-6). What is the greatest common factor of h and t?
7
Let j(f) = -f**2 - 19*f + 3. Let z be j(-13). Let p = 161 - z. Calculate the highest common divisor of p and 60.
20
Suppose -37*h + 35*h + 1196 = 0. What is the greatest common divisor of 46 and h?
46
Suppose -25 = 7*r - 12*r. Suppose -r*g + 2*b - 5*b + 135 = 0, 45 = g - 3*b. Calculate the greatest common divisor of 12 and g.
6
Suppose 34*l - 28 - 550 = 0. Calculate the greatest common factor of l and 136.
17
Suppose 4*l = 3*r - 22 - 13, 3*l = -2*r + 46. Suppose 5*v + 255 = -0*v. Let j = v + 119. Calculate the greatest common factor of j